derivative of -b**4/24 - 17*b**3/6 + 128*b**2. What is r(0)?
-17
Let i(p) = 6*p**2 + 19*p + 14. Let s(a) = a**2 + 4*a + 3. Let o(j) = 2*i(j) - 11*s(j). Let d be ((-3)/(-9))/(12 - (-1505)/(-126)). Calculate o(d).
-5
Let y(r) = 2*r + 3. Let x be 1/(-2)*6 + 11. Let a be x/6*(-27)/6. Give y(a).
-9
Let j(q) = -2*q + 10. Let a be j(7). Let p(i) = 1 + 2*i - 11 + 4*i**2 + 6*i. Let w(x) = -3*x**2 - 7*x + 9. Let l(m) = a*p(m) - 5*w(m). Determine l(4).
-9
Let b(q) be the second derivative of -q**3/6 + q**2/2 + q. Let z = -10 - 36. Let j = z + 40. Calculate b(j).
7
Suppose -5*k + 2*k + 29 = -2*u, -5*u = 5*k + 10. Let s(x) = -x**2 - 7*x + 7. Give s(u).
7
Let w(q) = q**2 + 3*q + 5. Let j(y) = -y**2 + 30*y - 196. Let p be j(21). Determine w(p).
33
Let p(g) = -g**2 + 9*g + 3. Let h(z) = z**2 - 10*z - 2. Let d(l) = -2*h(l) - 3*p(l). Calculate d(8).
3
Let c(l) = -l**2 + 9*l + 5. Let i be (15*(-10)/(-100))/((-1)/(-6)). Let r be c(i). Let w(a) = -a**2 + 5*a - 3. What is w(r)?
-3
Let p be (-50)/22*-3 - 10/(-55). Suppose -10*v + 3 = -p*v. Let g(w) = -3*w - 1. Determine g(v).
-4
Suppose 3*i - 13*p = -8*p + 44, -4*p = -5*i + 69. Let u(n) = n**3 - 12*n**2 - 15*n + 18. Calculate u(i).
-8
Let r(s) be the second derivative of -s**5/40 + s**4/12 - 5*s**3/3 + 7*s. Let z(w) be the second derivative of r(w). Determine z(3).
-7
Let y(l) = l**2 - l - 2. Let u(h) = -3*h + 1. Let i be u(3). Let p = i - -12. Suppose -4*k + k + j + p = 0, -5*k = -5*j. Determine y(k).
0
Suppose -72 + 54 = -3*r. Let x(y) = 2. Let k(z) = 2*z - 10. Let i(j) = r*x(j) + k(j). What is i(2)?
6
Let u be ((-4)/(-12))/(3/36). Let b(r) = -3*r**2 - 3*r - 3. Let y(k) = 8*k**2 + 9*k + 9. Let z(p) = u*y(p) + 11*b(p). Calculate z(5).
-7
Let c(v) = 1. Let o(n) be the first derivative of n**2/2 + n + 3. Let f = 37 + -33. Let r(t) = f*c(t) + 2*o(t). Give r(-5).
-4
Let x be (0 - -3 - 6)*12/(-9). Let u(o) be the third derivative of 0*o + 6*o**2 + 1/12*o**x + 0 + 1/60*o**5 - 7/6*o**3. What is u(-5)?
8
Let t(g) = -4 + 297*g**3 + 17*g**2 - 298*g**3 - 18*g**2 - g. Give t(-3).
17
Let o(m) = -m**3 + 6*m**2 + 3*m - 1. Let j = -33 - -32. Let d be -3*(j - -11) + 1. Let k = d - -35. Determine o(k).
17
Let j = 445 - 435. Let k(s) = 3*s - 2. Calculate k(j).
28
Let u(h) = -h**3 - 13*h**2 - 23*h - 9. Let t be u(-11). Let d(i) be the first derivative of 1/3*i**3 - 2*i + 3/2*i**t - 3. Give d(-3).
-2
Let m(d) be the third derivative of -d**5/5 + d**4/12 - d**3/6 + 4*d**2. Suppose -2*l + 2*u = -12, 6*u - 2*u = -20. Give m(l).
-11
Let o(f) = -6*f + 43. Suppose -c + 4*n - 7 = 6, -4*n = 4*c - 48. Determine o(c).
1
Let k(p) = -p**3 + p - 2. Let t = 6 - 5. Let s be -2 - -1 - 3/t. Let j = 4 + s. What is k(j)?
-2
Suppose -3*s + s = -8. Suppose -s*y - 7 = 9. Let n(r) = -r**2 - 6*r - 8. Let g(p) = -2*p**2 - 12*p - 17. Let o(d) = -4*g(d) + 9*n(d). What is o(y)?
4
Let y(p) = -2*p + 12. Let z = 47 - 40. Give y(z).
-2
Let x(b) = b - 15. Let u(h) = -h + 16. Let j(m) = -6*u(m) - 7*x(m). Let p = -3 + 8. Suppose p*r = r. What is j(r)?
9
Let f(s) = -s**3 + 6*s - 1 - s**2 - 3*s - 3*s. Let x(t) = 3*t**3 + t**2 + 3. Let h(r) = 4*f(r) + x(r). Determine h(-4).
15
Let t(u) = u + 2. Suppose -2*c + 30 = 3*c. Suppose 6*o - 2*o = -m + 8, -4*o + 3*m + 8 = 0. Suppose q + o*b = c, 3*q = 8*q + 4*b. Give t(q).
-2
Let o = -123 + 122. Let i(m) = 3*m**2. Let w(j) = -j**2 - 1 - 3 + 5. Let b(q) = -i(q) + w(q). Determine b(o).
-3
Let r(i) = 4*i**2 - 5*i + 4. Let a = -49 + 58. Let s(z) = -9 - 4*z**2 - z**2 + 11*z - 2*z**2. Let x(c) = a*r(c) + 4*s(c). What is x(-1)?
9
Suppose -d + 14 = -2*a, a - 6*a = 2*d + 17. Let l(n) be the first derivative of -n**4/4 + 4*n**3/3 - n**2/2 - 2*n - 259. What is l(d)?
-6
Let o(d) be the first derivative of -d**3/3 + 7*d**2/2 + 5*d - 27. What is o(6)?
11
Let w(j) be the first derivative of j**4/12 - 7*j**3/6 + 2*j**2 - 2*j - 7. Let g(u) be the first derivative of w(u). Determine g(5).
-6
Let t(h) be the first derivative of h**2/2 - 15*h - 56. What is t(8)?
-7
Suppose 3*w = -9, -4*i + 8*i - 4*w - 16 = 0. Suppose 16*n = 18*n - 36. Let x(q) = 9 - n + 8 + 5*q. Give x(i).
4
Let l(y) be the third derivative of y**8/20160 + y**7/840 + y**6/720 - 2*y**5/15 - 13*y**2. Let q(u) be the third derivative of l(u). Calculate q(-6).
1
Let j(h) = -16*h - 2. Let p = 880 - 877. What is j(p)?
-50
Let r(b) = -b**2. Let a(q) = -7*q**2 + 4*q - 2. Let h(g) = a(g) - 6*r(g). Suppose -l - 30 = -3*i + 13, -2*l + 26 = i. Suppose -i = -3*k - k. Calculate h(k).
-2
Let u be 2/4 + (-9)/2. Let b(j) = -134*j**2 + 4 - 7*j - 3 + 3*j + 133*j**2 - 3*j. Determine b(u).
13
Let s(d) = d**2 - 8*d + 11. Let w(m) = -2*m**3 + m + 7. Let f be w(0). Give s(f).
4
Let g(s) = -s**3 + 6*s**2 - 3*s - 1. Suppose -6 = 5*f + 3*u, 6 = 4*u - 2*u. Let k = 1 + f. Let n = k - -7. Give g(n).
9
Let r(n) = -7*n**2 + 18*n + 10. Let i(u) = 20*u**2 - 53*u - 29. Let t(k) = 6*i(k) + 17*r(k). Let c be t(12). Let y(m) = m**3 + 4*m**2 + 2*m. Determine y(c).
-8
Let l(t) = -t + 1. Let m(w) = 5*w + 8. Let a(d) = -4*l(d) - m(d). Let f(k) = 2*k + 12. Let o(u) = 4*a(u) + 3*f(u). What is o(8)?
4
Let t(k) = k - 8. Let p = 28 + -17. Suppose -3*v - 2 = -p. Suppose -7*o + v*o = 0. Calculate t(o).
-8
Let o(h) = h**2 + 4*h + 1. Let i be o(-4). Suppose i = 2*b - 3. Suppose -2*f - 2 = -f + 5*x, b*x = -2*f + 4. Let y(d) = -d**3 + 3*d**2 + 2*d. Determine y(f).
6
Let a(r) = 3*r**3 + 2*r**2 - r - 1. Suppose -18 = f - 123. Suppose 95 = -5*z + f. Determine a(z).
29
Let r(u) be the first derivative of u**4/6 + u**3/6 - 14*u**2 - 47. Let o(y) be the second derivative of r(y). Determine o(-4).
-15
Let l(x) be the second derivative of 5/2*x**2 + 1/12*x**4 + 0 + 4/3*x**3 + 17*x. Calculate l(-6).
-7
Let a(b) = -2*b - 11. Let o(m) = -4*m. Let x(v) = -v - 1. Let f(d) = -o(d) + 5*x(d). Let k(p) = -2*a(p) + 5*f(p). Give k(0).
-3
Suppose -36 + 48 = 6*p. Let y(b) = -3*b**2 + 4*b**p + 9 - 6 + 6*b. Give y(-3).
-6
Suppose -3*k = -8*k + 10. Let y(v) = v - 2*v - k + 1 + 2. Let p be y(4). Let a(d) = -d**2 - 5*d - 3. What is a(p)?
3
Let s(y) be the second derivative of -1/3*y**3 + 0 + 9/2*y**2 + 18*y. Let r be (1 - 0)*0 - -6. What is s(r)?
-3
Let r(j) = -9*j - 2. Let y be r(-1). Suppose y*w = -15 + 57. Let q(m) = -m**2 + 4*m + 4. What is q(w)?
-8
Let b(r) = r**2 - 3*r + 1. Suppose -m + x - 20 = 27, 0 = -4*m - 5*x - 170. Let g be 6/(-3 - m/10). Give b(g).
5
Let m(q) = -q**3 + 5*q**2 + 3*q + 6. Let h be 11345/15 + 4/(-12). Let w be h/140 + (-4)/10. Determine m(w).
21
Let p(d) = 3*d**2 - d + 2. Let n(w) = -w**2 - 4*w - 1. Let v be n(-2). Let x(k) = -k**2 + 3*k + v*k - 6*k. Let t(j) = -p(j) - 4*x(j). Give t(2).
4
Let o be 8/(-1) + 60/15. Let n(f) = -2*f - 12. Calculate n(o).
-4
Let w(m) = 3*m - 2. Suppose -3*n = -2*v - 3, -2*n - 9*v + 13*v = 6. What is w(n)?
7
Let u(h) be the second derivative of -h**5/20 - h**4/6 + 5*h**3/6 - h - 39. What is u(-4)?
12
Let c(f) be the first derivative of 4*f**3 + f**2/2 - 36. Determine c(1).
13
Let m = 139 - 136. Let b(c) be the first derivative of m*c - 4 + 2/3*c**3 + 3/2*c**2. Calculate b(-2).
5
Let x(p) = p**3 + p**2 + p - 3. Let q = 3 + -6. Let k be 2/((-6)/q)*-1. Let z be k*0/((-12)/(-4)). Determine x(z).
-3
Let x(p) be the first derivative of -3*p**4/4 + p - 36. What is x(1)?
-2
Suppose 0 = -4*f + 3*k + 14, -4*f - 1 = 3*k - 3. Let i be (2 + -4)*6 + f. Let c(r) = -r**3 - 9*r**2 + 11*r + 9. Give c(i).
-1
Suppose -2 = -t - 4*n, n - 2*n = -4*t + 8. Suppose -56 = -4*q - 4*o, -q + t*o + 26 = 6*o. Suppose -5 = 5*p + q. Let b(h) = -h**3 - 3*h**2 - 3. Give b(p).
-3
Let a(k) = k**3 - 4 - 1 + 5 + 5*k**2 - k + 4. Let u be 427/63 - (-4)/18. Let r(d) = d**3 - 8*d**2 + 8*d - 12. Let h be r(u). Give a(h).
9
Suppose 20*l - 143 = 37. Let r(w) = w**2 - 10*w + 1. Calculate r(l).
-8
Let p(y) = y**2 - 3*y - 5. Suppose 0 = -9*j + 20*j. Suppose j = a + 5*u + 10, u = -3*a - 0*a + 12. What is p(a)?
5
Suppose 203 = 5*b - 22. Let m = b + -48. Let x(p) = -2*p**2 + p - 1. Calculate x(m).
-22
Let w(a) be the third derivative of 17*a**2 - 1/30*a**5 + 0 + 1/6*a**3 + 0*a + 0*a**4 + 1/120*a**6. Give w(-1).
-2
Let f(y) = -y**2 - 2*y. Let l = -36 + 14. Let q = 21 + l. What is f(q)?
1
Let f(o) = 2 - 2*o + 3*o - 4 - 3*o. Let q(n) = -15*n + 233. Let v be q(16). Calculate f(v).
12
Let n be (-11)/(14/4 - 2 - 2). Let c(a) = -13 + n - 3*a + 2*a. Determine c(